{"id":209,"date":"2017-02-21T22:19:14","date_gmt":"2017-02-22T04:19:14","guid":{"rendered":"http:\/\/papime.shidix.es\/?page_id=209"},"modified":"2022-06-11T09:39:40","modified_gmt":"2022-06-11T15:39:40","slug":"plataforma-de-cursos","status":"publish","type":"page","link":"https:\/\/www.omairagonzalez.com\/index.php\/plataforma-de-cursos\/","title":{"rendered":"Aprendizaje en l\u00ednea"},"content":{"rendered":"<p>Esta es la apariencia que tiene nuestro\u00a0moodle. Aqu\u00ed un peque\u00f1o listado de los cursos que ofrecemos:<\/p>\n<ul>\n<li><strong>Algoritmia y programaci\u00f3n<\/strong>. 60 horas.<\/li>\n<li>\n<div class=\"textLayer\"><strong><span dir=\"ltr\">Termodin\u00e1mica.<\/span><\/strong>\u00a0<span dir=\"ltr\">20 horas.\u00a0<\/span><\/div>\n<\/li>\n<li>\n<div class=\"textLayer\"><strong><span dir=\"ltr\">Din\u00e1mica de Galaxias.<\/span><\/strong>\u00a0<span dir=\"ltr\">40 horas.<\/span><\/div>\n<\/li>\n<li><strong>Estructura Gal\u00e1ctica.<\/strong> 40 horas.<\/li>\n<li>\n<div class=\"textLayer\"><span dir=\"ltr\"><strong>Problemas contempor\u00e1neos en astrof\u00edsica: An\u00e1lisis multifrecuencia.<\/strong><\/span>\u00a0<span dir=\"ltr\">20 horas<\/span><\/div>\n<\/li>\n<li>\n<div class=\"textLayer\"><span dir=\"ltr\"><strong>Problemas contempor\u00e1neos en astrof\u00edsica: N\u00facleos de galaxias.\u00a0<\/strong><\/span><span dir=\"ltr\">25 horas.\u00a0<\/span><\/div>\n<\/li>\n<li>\n<div class=\"textLayer\"><strong><span dir=\"ltr\">Taller de Astronom\u00eda de rayos X.<\/span><\/strong>\u00a0<span dir=\"ltr\">9 horas.\u00a0<\/span><\/div>\n<\/li>\n<li>\n<div class=\"textLayer\"><span dir=\"ltr\"><strong>Taller de actividad nuclear online.<\/strong><\/span>\u00a0<span dir=\"ltr\">9 horas.\u00a0<\/span><\/div>\n<\/li>\n<li><strong>Taller de galaxias en c\u00famulos<\/strong>.\u00a09 horas.<\/li>\n<\/ul>\n<p>Algunos son de nivel maestr\u00eda y otros divulgativos o de licenciatura. Sum\u00e9rgete en ellos cuando quieras y escribe a o.gonzalez@irya.unam.mx si quieres inscribirte oficialmente a alguno de ellos para que podamos hacer un seguimiento de las tareas que presentas y podamos resolver tus dudas.<\/p>\n<p>Para entra en ella pincha <a href=\"\/moodle\/\">aqu\u00ed<\/a>\u00a0(<a href=\"https:\/\/omairagonzalez.com\/moodle\/\">https:\/\/www.omairagonzalez.com\/moodle\/<\/a>)<\/p>\n<p><img loading=\"lazy\" decoding=\"async\" class=\"alignnone size-full wp-image-212\" src=\"\/wp-content\/uploads\/2022\/06\/Screen-Shot-2022-06-10-at-5.20.19.png\" alt=\"\" width=\"2696\" height=\"1060\" \/><\/p>\n","protected":false},"excerpt":{"rendered":"<p>Esta es la apariencia que tiene nuestro\u00a0moodle. Aqu\u00ed un peque\u00f1o listado de los cursos que ofrecemos: Algoritmia y programaci\u00f3n. 60 horas. Termodin\u00e1mica.\u00a020 horas.\u00a0 Din\u00e1mica de Galaxias.\u00a040 horas. Estructura Gal\u00e1ctica. 40 horas. Problemas contempor\u00e1neos en astrof\u00edsica: An\u00e1lisis multifrecuencia.\u00a020 horas Problemas contempor\u00e1neos en astrof\u00edsica: N\u00facleos de galaxias.\u00a025 horas.\u00a0 Taller de Astronom\u00eda de rayos X.\u00a09 horas.\u00a0 Taller de &hellip; <\/p>\n<p class=\"link-more\"><a href=\"https:\/\/www.omairagonzalez.com\/index.php\/plataforma-de-cursos\/\" class=\"more-link\">Continuar leyendo<span class=\"screen-reader-text\"> &#8220;Aprendizaje en l\u00ednea&#8221;<\/span><\/a><\/p>\n","protected":false},"author":1,"featured_media":0,"parent":0,"menu_order":0,"comment_status":"closed","ping_status":"closed","template":"","meta":{"footnotes":""},"_links":{"self":[{"href":"https:\/\/www.omairagonzalez.com\/index.php\/wp-json\/wp\/v2\/pages\/209"}],"collection":[{"href":"https:\/\/www.omairagonzalez.com\/index.php\/wp-json\/wp\/v2\/pages"}],"about":[{"href":"https:\/\/www.omairagonzalez.com\/index.php\/wp-json\/wp\/v2\/types\/page"}],"author":[{"embeddable":true,"href":"https:\/\/www.omairagonzalez.com\/index.php\/wp-json\/wp\/v2\/users\/1"}],"replies":[{"embeddable":true,"href":"https:\/\/www.omairagonzalez.com\/index.php\/wp-json\/wp\/v2\/comments?post=209"}],"version-history":[{"count":11,"href":"https:\/\/www.omairagonzalez.com\/index.php\/wp-json\/wp\/v2\/pages\/209\/revisions"}],"predecessor-version":[{"id":279,"href":"https:\/\/www.omairagonzalez.com\/index.php\/wp-json\/wp\/v2\/pages\/209\/revisions\/279"}],"wp:attachment":[{"href":"https:\/\/www.omairagonzalez.com\/index.php\/wp-json\/wp\/v2\/media?parent=209"}],"curies":[{"name":"wp","href":"https:\/\/api.w.org\/{rel}","templated":true}]}}